e
Is 3652 a factor of 97738476?
True
Is 1897587 a multiple of 171?
True
Is 23073120 a multiple of 28?
True
Is 391125133 a multiple of 375?
False
Is 17 a factor of 58755336?
False
Does 152 divide 2668609224?
False
Is 4007349650 a multiple of 33?
False
Is 161 a factor of 872278358?
True
Is 580 a factor of 98292600?
True
Does 2886 divide 177308474?
False
Does 121 divide 1363500358?
True
Is 13254106 a multiple of 1466?
True
Is 224149904 a multiple of 22?
True
Does 468 divide 3168620208?
True
Is 350777420 a multiple of 28?
True
Is 2574 a factor of 4664072795?
False
Is 41 a factor of 77889176?
True
Is 27481100 a multiple of 15?
False
Does 853 divide 1961047?
True
Is 8 a factor of 46888752?
True
Is 4733449 a multiple of 507?
False
Is 283489500 a multiple of 1900?
True
Is 9586212 a multiple of 2019?
True
Does 729 divide 26601210?
True
Is 478 a factor of 436318980?
False
Does 17 divide 6060253?
False
Is 260 a factor of 691394092?
False
Is 2654843742 a multiple of 25?
False
Does 1367 divide 8486336?
True
Is 389 a factor of 61980413?
False
Is 26 a factor of 828722835?
False
Is 491 a factor of 94314423?
False
Is 3636 a factor of 25510431?
False
Is 115614688 a multiple of 1358?
True
Is 1854980682 a multiple of 1518?
False
Does 4 divide 107615355?
False
Is 79 a factor of 7455568?
False
Is 43 a factor of 326524507?
False
Does 500 divide 89501500?
True
Is 882 a factor of 186009856?
False
Is 198 a factor of 1367272436?
False
Does 374 divide 9151780?
True
Is 346054464 a multiple of 4087?
True
Is 39443310 a multiple of 15?
True
Is 62684849 a multiple of 346?
False
Is 5117184402 a multiple of 67?
False
Is 1802305259 a multiple of 63?
False
Is 24266329 a multiple of 146?
False
Is 133 a factor of 354068680?
False
Does 1332 divide 32431536?
True
Is 563 a factor of 190175770?
True
Is 4740264 a multiple of 36?
True
Is 18 a factor of 74675250?
True
Is 1865957625 a multiple of 375?
True
Is 1363066518 a multiple of 6?
True
Does 1331 divide 8219384?
False
Is 109766332 a multiple of 10?
False
Is 17244808 a multiple of 586?
True
Is 1578 a factor of 3681546436?
False
Is 38521360 a multiple of 1520?
True
Is 766 a factor of 47744780?
True
Is 27 a factor of 21987726?
False
Is 8 a factor of 327762662?
False
Does 593 divide 341684707?
False
Is 35011184 a multiple of 344?
False
Is 113535564 a multiple of 40?
False
Does 1724 divide 9997476?
True
Is 56678505 a multiple of 5?
True
Does 102 divide 42385794?
True
Does 119 divide 86790430?
False
Is 27443762 a multiple of 3104?
False
Does 158 divide 64282334?
False
Is 15 a factor of 644002635?
True
Does 9 divide 64208151?
True
Is 1660066601 a multiple of 187?
False
Does 53 divide 109536218?
False
Is 21 a factor of 51782241?
True
Is 4347569 a multiple of 321?
False
Does 28 divide 38034780?
True
Is 20 a factor of 71412266?
False
Is 56811301 a multiple of 73?
True
Is 28 a factor of 36201782?
False
Is 825 a factor of 23954700?
True
Is 379 a factor of 1356167332?
False
Does 21 divide 87310776?
True
Does 366 divide 133546399?
False
Does 359 divide 11253386?
False
Is 109683805 a multiple of 3620?
False
Is 44016804 a multiple of 351?
True
Is 99 a factor of 1173659?
False
Is 6 a factor of 7171355?
False
Is 6797 a factor of 15843807?
True
Is 104429472 a multiple of 32?
True
Is 49 a factor of 1389591?
True
Is 14706 a factor of 933125112?
True
Is 200 a factor of 26165058?
False
Is 96 a factor of 614707089?
False
Is 13 a factor of 9909068?
True
Does 298 divide 141535285?
False
Does 2 divide 5440497?
False
Is 16 a factor of 474249791?
False
Is 5946 a factor of 1720451316?
True
Does 61 divide 32915707?
False
Is 97167767 a multiple of 283?
True
Does 5032 divide 192445244?
False
Is 704 a factor of 84068864?
True
Is 2572811170 a multiple of 17?
False
Is 156404921 a multiple of 2?
False
Is 6326132 a multiple of 15?
False
Is 119 a factor of 161672923?
False
Does 1258 divide 367644926?
False
Is 70140846 a multiple of 14?
False
Is 4333426 a multiple of 73?
True
Does 122 divide 60623630?
True
Does 22 divide 6451647378?
True
Does 98 divide 969738660?
False
Is 988 a factor of 24510509?
False
Is 17 a factor of 1567216?
False
Is 215 a factor of 304541050?
True
Is 976 a factor of 152088128?
True
Is 174 a factor of 567812286?
True
Does 166 divide 869024211?
False
Is 103902016 a multiple of 2056?
True
Is 1459775152 a multiple of 712?
True
Does 36 divide 3280200732?
True
Is 9417217 a multiple of 214?
False
Is 115112433 a multiple of 492?
False
Is 69490297 a multiple of 23?
False
Is 48444558 a multiple of 910?
False
Is 9091245 a multiple of 15?
True
Does 8 divide 785135072?
True
Is 1272 a factor of 199939320?
True
Does 1325 divide 420910100?
True
Is 20 a factor of 138003300?
True
Does 13 divide 2972168227?
False
Is 727543775 a multiple of 5315?
True
Is 35 a factor of 2354525?
False
Is 43 a factor of 2462301320?
False
Is 11 a factor of 22397914?
True
Is 1688117671 a multiple of 18?
False
Is 82 a factor of 57365970?
True
Is 376 a factor of 4348064?
True
Is 485766294 a multiple of 505?
False
Is 6847 a factor of 2681189342?
True
Is 280662984 a multiple of 1908?
True
Is 6714596 a multiple of 5?
False
Is 435744232 a multiple of 88?
True
Does 243 divide 69950952?
True
Is 540665787 a multiple of 17?
False
Does 64 divide 311560294?
False
Is 30029236 a multiple of 1274?
False
Is 4 a factor of 309027?
False
Is 48 a factor of 58078272?
True
Does 1676 divide 627502559?
False
Is 11 a factor of 23734214?
False
Is 273871360 a multiple of 2380?
True
Is 30 a factor of 2016551070?
True
Is 298 a factor of 34204551?
False
Is 10 a factor of 59645005?
False
Does 302 divide 20312520?
True
Is 137030132 a multiple of 201?
False
Is 58 a factor of 29905996?
False
Is 30 a factor of 359897314?
False
Does 28 divide 1644913732?
True
Is 199 a factor of 1259338985?
False
Is 10109870 a multiple of 184?
False
Is 76 a factor of 3592250110?
False
Is 420075278 a multiple of 358?
False
Is 432978202 a multiple of 23?
False
Does 1823 divide 78179355?
True
Is 65 a factor of 795649132?
False
Is 20187312 a multiple of 127?
False
Is 10 a factor of 168517429?
False
Does 463 divide 4232836285?
True
Is 6161310 a multiple of 5?
True
Is 26085169 a multiple of 101?
True
Is 182 a factor of 30037121?
False
Is 182867533 a multiple of 413?
False
Does 1109 divide 40231842?
False
Is 415 a factor of 363251160?
True
Does 61 divide 44088800?
False
Is 657724215 a multiple of 1587?
True
Is 95515560 a multiple of 90?
True
Is 10308 a factor of 1117387200?
True
Is 29265474 a multiple of 21?
True
Is 15 a factor of 62408975?
False
Does 41 divide 231830395?
False
Is 40491015 a multiple of 15?
True
Is 31756094 a multiple of 182?
False
Does 14 divide 162007824?
False
Is 589947940 a multiple of 604?
True
Is 248383753 a multiple of 556?
False
Is 46 a factor of 729237586?
True
Is 624 a factor of 182837616?
True
Is 196 a factor of 6184034737?
False
Does 13 divide 11561173?
True
Is 890775600 a multiple of 4350?
True
Is 9824342 a multiple of 945?
False
Does 222 divide 191244120?
True
Does 37 divide 179083367?
True
Is 36515056 a multiple of 42?
False
Is 537152 a multiple of 448?
True
Is 225908606 a multiple of 451?
True
Is 71190198 a multiple of 1333?
True
Is 1764878690 a multiple of 10?
True
Is 2565 a factor of 852300496?
False
Is 176827308 a multiple of 13?
False
Does 265 divide 10670168?
False
Is 293 a factor of 3948168554?
True
Is 45897794 a multiple of 1547?
False
Does 15 divide 908869553?
False
Is 695 a factor of 110198735?
False
Does 167 divide 54029214?
False
Is 24557712 a multiple of 4?
True
Is 769923756 a multiple of 28?
True
Is 71386370 a multiple of 9069?
False
Is 6529599190 a multiple of 74?
False
Does 6373 divide 353822587?
True
Is 1509 a factor of 5230194?
True
Is 8068060 a multiple of 310?
True
Does 36 divide 321960194?
False
Is 10 a factor of 126544750?
True
Is 3414180264 a multiple of 2634?
True
Is 128980806 a multiple of 841?
True
Does 2 divide 151034902?
True
Is 8865066 a multiple of 89?
False
Does 8276 divide 357117676?
True
Is 196539077 a multiple of 7?
True
Is 60861399 a multiple of 825?
False
Is 3974679 a multiple of 1097?
False
Is 2494978497 a multiple of 2839?
True
Is 58759734 a multiple of 22?
True
Is 773 a factor of 1825769815?
False
Does 22 divide 2324826834?
True
Does 14 divide 2918837600?
True
Is 1051415404 a 